 v?
60
What is the remainder when 278 is divided by (-54)/(-4) + (-18)/36 - -7?
18
Calculate the remainder when 34 is divided by (13/(-2) + 3)*-2 - -2.
7
Let d = 32 + -28. Suppose -m + 55 = d*m. Suppose 0 = -5*r + 30 - 0. Calculate the remainder when m is divided by r.
5
Suppose -150*y = -57*y - 465. Calculate the remainder when 24 is divided by y.
4
Suppose -5*a = -3*c + 155, 2*c - 23 = 5*a + 82. Calculate the remainder when c is divided by 35.
15
Suppose -x + 5*x = d - 15, 0 = 5*d + 5*x. Suppose c = -d*c + 200. Let u = -3874 + 3892. Calculate the remainder when c is divided by u.
14
What is the remainder when 282 is divided by (-101*(-3 + 4))/(-2 + 1)?
80
Let z(c) = c + 5 - 11 + 4*c + 2*c**2 + 0. Calculate the remainder when 21 is divided by z(2).
9
Let h(r) = 9*r**2 - 2*r + 5. Calculate the remainder when 140 is divided by h(2).
29
Suppose 4*i - 8 = 12. Let k = i + -2. Suppose 14 = k*h - 4. What is the remainder when 9 is divided by h?
3
Suppose 25*t = 115 + 10. What is the remainder when 292 is divided by t?
2
Let r(h) = h**3 + 115*h**2 + 117*h + 349. Calculate the remainder when 0/1 - (-18 + -1) is divided by r(-114).
5
Calculate the remainder when (-105)/(-175) - (-597)/(-5)*-1 is divided by 31.
27
Suppose 22*v - 1256 = 1230. What is the remainder when v is divided by 33?
14
Let p be 2/10 + (-168)/(-35). Suppose -p*x = -6 - 9. Suppose 96 = 2*h - 2*z, -5*z = -x*h - z + 141. Calculate the remainder when h is divided by 13.
12
Let x(u) = -6*u - 22. Let d be x(-4). Suppose -d*c = -93 + 75. What is the remainder when 12 is divided by c?
3
Let l(n) be the third derivative of -23*n**4/24 + 5*n**3/3 + 55*n**2. What is the remainder when 107 is divided by l(-2)?
51
Suppose -u = 3*w + 1, -5*u + 2*u = w - 13. Suppose -u*m = -2*i + 21, i + 4*m - 3 = -4*i. Suppose -b = i*b - 20. What is the remainder when b is divided by 2?
1
Let r be 160/26 - 8/52. Let p(f) = 5*f - 3*f + r*f + f**3 - 4*f + 6*f**2 - 5. What is the remainder when p(-4) is divided by 7?
4
Suppose 1022 = 2*v + 5*v. Calculate the remainder when v is divided by 43.
17
Let r be (-6)/6*(-3 - -22). Let n = -1 - r. What is the remainder when n is divided by 3?
0
Suppose 3*g - g = -4*a + 1090, 0 = 3*g + 9. What is the remainder when a is divided by 66?
10
Suppose 90 + 18 = 6*w. What is the remainder when 75 is divided by w?
3
Suppose -c - 35 + 8 = 0. Let r be (-2)/(-9) - 966/c. Suppose -12 = -4*z + r. What is the remainder when 35 is divided by z?
11
Let y = 25 - 9. Suppose -3*r + y = 2*g - r, g = 4*r - 17. Suppose -g*o + o + 6 = 0. What is the remainder when 5 is divided by o?
2
Let j(w) = -w - 10. Let y be j(-6). Let r be (16/y + 8)/2. Suppose n - 5*v + 43 = r*n, 4*v + 61 = n. Calculate the remainder when n is divided by 14.
11
Let j be 0/(-1)*17/51. Suppose -5*c - 20 = j, -5*c = 4*d - 0*d - 140. Calculate the remainder when d is divided by 7.
5
Suppose 19*y = 535 + 73. What is the remainder when 39 is divided by y?
7
Calculate the remainder when 76 is divided by 192/6 - -5 - -2.
37
Let z be (3 + -4)*3 + 4. What is the remainder when 957/18 + -1 + 20/24 is divided by z*19/(-4)*-4?
15
Let h = -189 + 211. What is the remainder when 63 is divided by h?
19
Suppose 8*h - 2576 = h. Suppose -h = -8*b + 40. What is the remainder when b is divided by 15?
6
Suppose -1852*r = -1859*r + 343. Calculate the remainder when 63 is divided by r.
14
Let p = -78 - -151. Calculate the remainder when p is divided by 21.
10
Let p(d) = d**2 - 18*d + 36. Let v be p(16). Suppose 0 = 3*c + 2*c - 5*u - 730, 5*u - 557 = -v*c. What is the remainder when c is divided by 24?
23
Calculate the remainder when 219 is divided by ((-1)/2)/((-6)/264).
21
Let w be (-12)/(-8)*4/2. Suppose 0 = -w*l + 8 + 43. Calculate the remainder when 65 is divided by l.
14
Let q be 10/((-16)/(-12)*(-3)/24). What is the remainder when (0 - 2*-1)*34 is divided by (q/9)/(1/(-3)) + -2?
14
Let i(z) = -2*z**2 + 3*z - 1. Let j be i(3). What is the remainder when 1 is divided by (j/(-6) + 6/(-9))/1?
0
Let h(r) = 9*r + 486. What is the remainder when 178 is divided by h(-45)?
16
Let x(z) = 12*z**2 - 4. Let l(s) = -2*s**3 + 152*s**2 + 316*s - 290. What is the remainder when x(-3) is divided by l(78)?
16
Suppose -h - 11 + 36 = 0. What is the remainder when ((-20)/h)/((-8)/620) is divided by 9?
8
Suppose -116*g + 41*g + 3219 - 669 = 0. Let h(n) = 11*n - 3. What is the remainder when g is divided by h(2)?
15
Let l = -6 - -7. Let r = 14 - l. What is the remainder when 23 is divided by r?
10
Let l = -107 + 112. Let s = 10 + 10. Let k = s - l. What is the remainder when k is divided by 4?
3
Calculate the remainder when (-81)/135 + 2/((-20)/(-166)) is divided by 13.
3
Suppose 3*h - 271 = -5*d + 5*h, -2*h - 106 = -2*d. Calculate the remainder when d is divided by 3.
1
Let j(y) = -y**3 + 2*y**2 + 3*y + 8. What is the remainder when j(-4) is divided by 40?
12
Let w = -199 + 293. Let z = 9 - -15. What is the remainder when w is divided by z?
22
Let w(f) = 3*f + 9. Let j be w(-4). Let p = j - -5. Calculate the remainder when 21 is divided by (56/4 - p)/2.
3
Suppose -3*a - 3*p + 156 = 0, -3*a - p + 220 = a. Suppose q = -0*q, 2*q - a = -4*k. What is the remainder when 40 is divided by k?
12
Suppose -220 = 4*y + 332. Calculate the remainder when 28 is divided by y/(-30) + (-4)/(-10).
3
Suppose 4*n = -344 + 412. What is the remainder when 25 is divided by n?
8
Let y(x) = 2*x**2 + 12*x + 4. Let o(w) = -2*w**2 - 13*w - 5. Let a(s) = 4*o(s) + 5*y(s). Calculate the remainder when a(-6) is divided by 9.
6
Suppose 0 = -u, -s = 3*s + 4*u - 72. Suppose -3*g = 3*b - 21, s = 4*g - 2. Calculate the remainder when b is divided by 2.
0
Let k be -4 + 2 - 12*8. What is the remainder when 47 is divided by 82/7 + (-28)/k?
11
Suppose 0 = -0*c + 3*c - 18. Let z(u) = -u + 1. Calculate the remainder when z(-8) is divided by c.
3
Let l be (1 - 0) + (0 - -2). Let z(t) = 4*t**2 + 2*t - 1 - 3 + 3*t - l*t**2. Calculate the remainder when 4 is divided by z(-6).
0
Let t be (-5)/(-3) + (-1)/(-3). Suppose t*w = w. Calculate the remainder when 120 + (-3 - w/(-2)) is divided by 30.
27
Suppose 15*k - 1053 = -24*k. Calculate the remainder when 60 is divided by k.
6
Calculate the remainder when 103 is divided by 2*(123/18 + (-5)/15).
12
Let n = -105 - -174. Calculate the remainder when n is divided by 128/10 + (-12)/15.
9
Suppose -d - 196 = -3*d. Suppose -q + d = -19. Let a = q + -78. What is the remainder when a is divided by 8?
7
Suppose 2*z = 10, 3*j + 2*j + 2*z = 105. Let b = 40 - 20. Let k = -13 + b. What is the remainder when j is divided by k?
5
Let r(w) = 2*w + 20. Let q be r(-10). Suppose q*c - t + 2 = c, t = 5*c - 40. Suppose -l - 3 = -15. Calculate the remainder when l is divided by c.
5
Let w(k) = 2*k - 1. Let j be w(3). Suppose 80 + 15 = j*b. Let h = -19 + 29. Calculate the remainder when b is divided by h.
9
Suppose 503*w + 255 = 518*w. What is the remainder when 228 is divided by w?
7
Let n = -329 + 342. What is the remainder when 32 is divided by n?
6
Let i = 1238 - 1232. Let z = -10 + 21. Let n = z + -6. Calculate the remainder when i is divided by n.
1
Let a(o) = o**2 - o - 25. Calculate the remainder when 26 is divided by a(7).
9
Calculate the remainder when 1542 is divided by (((-36)/42)/1)/(8/(-140)).
12
Suppose -2*w - p = -15, -11*w + 10*w - 6 = -4*p. Let c(s) = -s**3 - 6*s**2 + 8*s - 6. Calculate the remainder when c(-8) is divided by w.
4
Let p = 405 - 224. Calculate the remainder when p is divided by 13.
12
Let c be 4 - -6*1*2/4. Suppose -x + c = o, 0 = -2*o + 3*o - 4. What is the remainder when 8 is divided by x?
2
Suppose 5*m - 2*q - 716 = 0, -3*q + 504 + 197 = 5*m. Calculate the remainder when m is divided by 18.
16
Suppose 0 = i + 5*s - 61, 0 = -4*i + s - 22 + 203. Suppose -r + 96 = r. Let d = 72 - r. Calculate the remainder when i is divided by d.
22
Suppose 0*m + m = 17. Calculate the remainder when (-3 - (-40)/12)*249 is divided by m.
15
Suppose 6*a - 12 = 3*a. What is the remainder when 29 is divided by ((7 - -4) + a)/1?
14
Let d(u) = 60*u + 187. Let o(r) = -r**3 - r**2 + 5. Let i be o(0). Suppose i*b = 4*c - 26, b - 1 = -3. Calculate the remainder when d(-3) is divided by c.
3
Calculate the remainder when ((-134)/4)/((-56)/(-16) - 4) is divided by 52.
15
Suppose 8*d -